 g(-8). Suppose 0 = 10*k - 1021 - 159. Let z = k - s. What are the prime factors of z?
3, 43
Let j(d) = d**2 - 3*d - 22. Suppose -4*n - 5 = z, 2*z + 11 = -3*n + 26. What are the prime factors of j(z)?
2, 79
Let t = 34353 - 11372. List the prime factors of t.
7, 67
Let h be (-4)/12*(-12 - -21). Let i(l) be the third derivative of -l**6/20 - l**5/30 + l**4/12 - l**3/3 - 2*l**2. List the prime factors of i(h).
2, 17
Let z = -622 - -489. List the prime factors of (-2 - (-22)/14) + (-100605)/z.
2, 3, 7
Let t(s) = s**2 - 27*s - 74. Let b be t(31). Let w = b - -212. List the prime factors of w.
2, 131
Suppose 0*z + 2 = a + z, 0 = 3*a - 3*z. Let x(k) = -15 - 1 + k**3 - a + 40*k + 20*k**2 - 1. What are the prime factors of x(-17)?
13
Suppose 121*f = 119*f + 1064. Let r = 538 - f. List the prime factors of r.
2, 3
Let h(x) = x + 7. Let i be h(-5). Suppose -i*j = y - 293, 0*y - 583 = -4*j - 3*y. What are the prime factors of j?
2, 37
Suppose 4*q - 5*a = 13841, 6*q - 3434 = 5*q - 4*a. Suppose 8*v - 1610 = q. List the prime factors of v.
3, 211
Let z(a) = 132*a**2 + 9*a + 63. What are the prime factors of z(10)?
3, 4451
Let x = 2269 + -832. What are the prime factors of x?
3, 479
Let l(k) be the first derivative of -k**3/3 + 10*k**2 + 11*k + 7. What are the prime factors of l(15)?
2, 43
Suppose -4*i + 20 = -2*i - 4*o, -115 = -5*i - 3*o. Suppose 312 = -17*c + i*c. Suppose 2*d - c = -2*q, 5*d - 5*q = 3*d + 83. List the prime factors of d.
7
Suppose s = -2*n + 16366, -n + 8165 = -12*s + 8*s. List the prime factors of n.
3, 101
Let c(l) = l + 14. Let b be c(-13). Let p be b*2 + (13 - 13) - 1. List the prime factors of (p - 2)*(2 + 5*-7).
3, 11
Let s be 1196/(-10) + 2/(-5). Let h(c) = -2*c**3 - 53*c**2 - 20*c + 168. Let d be h(-26). What are the prime factors of (s/d)/(0 - (-4)/(-66))?
3, 5, 11
Suppose 8*f = -2*f + 10. Let x be (f + -4 - -3)/(-1). Suppose x = 5*v + 5*v - 1910. What are the prime factors of v?
191
Suppose 0 = -4*x - x - 250. Let v be 4/22 - 6840/(-132). Let h = x + v. What are the prime factors of h?
2
Suppose 3*l + 4*r - 81 = 0, -2*l + 3*r = 5*r - 54. Let d(t) = -l*t**2 + t - 27*t**2 + 8 - 4*t + t**3 + 60*t**2. List the prime factors of d(4).
2, 3, 13
Let m(w) be the second derivative of -w**4/12 + w**3/3 + 121*w**2 + w. Suppose 528*i - 109*i + 311*i = 115*i. List the prime factors of m(i).
2, 11
Suppose 8*b + 10 - 50 = 0. List the prime factors of (8*13 - 30/(-10))*b.
5, 107
Let f = 337 - 168. Suppose 295 = 5*k - 3*h, -3*k + f = -2*h - 8. Let c = k + -53. What are the prime factors of c?
2, 3
Suppose x + 0*x - 11 = -4*f, 2*f + 2 = 2*x. Suppose -3*t - 2*o = -t - 106, -x*o = 5*t - 255. Suppose 0 = 25*w - 28*w + t. What are the prime factors of w?
2
Suppose -3*j = -11*j - 8. Let u be (-20734)/(-70) + j/5. Suppose 5*n - 39 = u. List the prime factors of n.
67
Let q(x) = -x**3 + 30*x**2 - x - 25. Let i be q(9). Let y = 3403 - i. List the prime factors of y.
2, 7, 31
Let m(z) = z - 9. Let g be m(13). Suppose 2*d - d = g*r - 6722, 3*r - 5053 = -5*d. What are the prime factors of r?
41
Suppose -5*l + 4*h + 238 = 0, 4*l - 2*h = -0*l + 188. Let f = l - -25. Let j = f + -41. List the prime factors of j.
2, 3, 5
Suppose 7*o - 19 - 2 = 0. Suppose o*h - 62 = 127. Let m = h - 46. List the prime factors of m.
17
Let d = 47337 - 31528. List the prime factors of d.
15809
Let l = 59 - 59. Suppose -2*x - 5*t + 5 + 48 = l, -4*x + 82 = 2*t. Suppose 141 + x = 2*i. List the prime factors of i.
2, 5
Let l(r) = -r**2 - 6*r - 2. Suppose 70*n - 67*n = -15. Let o be l(n). List the prime factors of 0 - -220 - o - 4.
3, 71
Let d(b) be the first derivative of -11/2*b**2 - 92*b - 42. What are the prime factors of d(-23)?
7, 23
Let v(s) = -86*s - 136. Let p be v(-39). Suppose -11*b + p = 699. List the prime factors of b.
229
Suppose -38*a + 49*a = 16018 + 33482. List the prime factors of a.
2, 3, 5
Let l(z) = 4*z - 6*z + 30 + z**2 + 0*z**2 + 6*z. What are the prime factors of l(8)?
2, 3, 7
What are the prime factors of (-14441*(-30)/175)/(15/250)?
2, 5, 2063
Let r = 75 - 63. Suppose 2*m - 364 - r = 0. Suppose 3*u + 0*h = 5*h + m, 0 = 3*u + 3*h - 228. List the prime factors of u.
71
Suppose 10434 = 2*g - 4*t, -6522 = -g - 3*t - 1310. What are the prime factors of g?
5, 7, 149
Let x = -9766 + 10644. What are the prime factors of x?
2, 439
Let j be ((-12)/(-14))/((-7)/(147/(-6))). Suppose 2*o + j*f = -715, -o - 1400 = 3*o - 4*f. Let l = -183 - o. What are the prime factors of l?
2, 5, 17
Let q be (-3 + -2)*(-2)/10. Let w(m) = m**2 - m + 2. Let h be w(q). Suppose r - 6*r + 11 = -h*d, 3*d + 4*r - 18 = 0. What are the prime factors of d?
2
Suppose 7*c - 69612 - 215904 = 0. Suppose -c = -25*j - 4163. List the prime factors of j.
5, 293
Let y(f) = -2*f**3 + 144*f**2 - 232*f - 36. List the prime factors of y(60).
2, 3, 6037
Let v(t) = -23*t**3 - t**2 - 3*t - 1. Let c be v(-1). Suppose -c*a - 1818 = -13914. List the prime factors of a.
2, 3, 7
What are the prime factors of 9518 + 1 + (2/(-3) - 72/(-27))?
9521
Let w = 38073 + -20607. Suppose 40*v - w = -2506. What are the prime factors of v?
2, 11, 17
List the prime factors of 36/(-60) + (2 - 273489/(-15)).
2, 3, 1013
What are the prime factors of (33679 - -10) + 19 + -14?
2, 17, 991
Let y(w) = -w**2 - 5*w - 9. Let i be y(-3). Let a be (-3 + 2)/(-2 - i). What are the prime factors of 4*(-183)/(-6) + a*4?
2, 59
Suppose -46*o + 62 + 122 = 0. Suppose o*t + 1156 = 4*f, 0 = -4*t + 83 - 63. What are the prime factors of f?
2, 3, 7
Suppose 2*t = -6*t + 144. Let n be t*(3 - 3/(-1)). List the prime factors of (-3)/((n/(-80))/9).
2, 5
Let p(t) = -t**3 - 24*t**2 - t - 21. Let q be p(-24). Suppose n = -5*f + q*n - 56, f - 4*n + 22 = 0. What are the prime factors of -145*(6/f + 1 + -1)?
3, 29
Let m = -1695 - -4651. What are the prime factors of m?
2, 739
Let n(c) = 31*c - 13. Let j(h) = -63*h + 26. Let q(z) = 6*j(z) + 13*n(z). Let y = -576 - -579. List the prime factors of q(y).
2, 31
List the prime factors of 2/(-10) + -4 + 211059/45.
2, 3, 11, 71
Suppose 11*g = -14*g + 35348 + 176902. List the prime factors of g.
2, 3, 5, 283
Let q be (0 + 2)*2 - 2419. What are the prime factors of ((-138)/(-15))/((-21)/q)?
2, 23
Suppose 11803 = 11*i - 347314. List the prime factors of i.
32647
Suppose -5*c = 9*c + 462. What are the prime factors of ((-2374)/(-4))/1 + c/66?
593
Let f = 43 - 41. Let t(i) = -4*i + 2*i**3 + 12 + i**2 - 6*i**f - 5. List the prime factors of t(4).
3, 13
Let r(v) = v**3 - 18*v**2 - 2*v + 9. Let d be r(18). Let h(z) = -z**3 - 28*z**2 - 26*z + 46. What are the prime factors of h(d)?
19
Let y(q) = 18*q**2 - 39*q - 95. List the prime factors of y(-10).
5, 419
Let l(f) = -f**2 + 10*f + 4. Let w be l(10). Suppose -2*a + 24 = 5*r, -3*a + 7*a - 16 = -2*r. List the prime factors of ((-148)/a)/(((-32)/4)/w).
37
Suppose -56678 + 18211 = -11*y. What are the prime factors of y?
13, 269
Suppose -269*z - 135 = -272*z. Let n(h) = -h**3 + 44*h**2 + 51*h + 164. What are the prime factors of n(z)?
2, 7, 31
What are the prime factors of (10 + (-70 - 5))*-188?
2, 5, 13, 47
Suppose 4*m = n + 138369, -172961 = 345*m - 350*m + n. What are the prime factors of m?
2, 23, 47
Suppose 12*m + 11829 = 110217. List the prime factors of m.
3, 911
Let m = -14 + 15. Let r be -2 - (-89 - -3)*m. Suppose 6*a - 174 = r. What are the prime factors of a?
43
List the prime factors of -67272*22/(-16 + -116).
2, 2803
Suppose 2*g + 3*x = -2, -g - 2 = x - 0*x. Let q(k) = 2*k**3 + 3*k**2 - 5*k + 1. Let f be q(g). Let c = -51 - f. What are the prime factors of c?
2
Suppose 2*f = 6*f - 1188. Let u = f - 141. List the prime factors of u.
2, 3, 13
Suppose 286468 = -16*o + 42*o. What are the prime factors of o?
2, 7, 787
What are the prime factors of 2844/(-790)*(-22580)/6?
2, 3, 1129
Suppose -o = 10 - 79. Suppose o = 4*t + 2*a - 49, -5*t + 2*a + 143 = 0. What are the prime factors of t?
29
Suppose 3*a - 123 = -4*x, -5*x = -3*a + 28 + 68. Suppose 4086 = -31*u + a*u. List the prime factors of u.
3, 227
Let g(v) = -244*v - 35. Let z(k) = 242*k + 36. Let j(c) = 6*g(c) + 7*z(c). List the prime factors of j(3).
2, 3, 61
Let b = 137299 + -91356. What are the prime factors of b?
45943
Suppose 30192 + 112522 = 26*w. What are the prime factors of w?
11, 499
Suppose 8 = -2*r, -8*v + r = -10*v 